pose -49*z + 9*z + 28958 - 2438 = 0. What are the prime factors of z?
3, 13, 17
Suppose 2*n + 10 = 0, 3*n = w + 7*n - 213. Let l = -206 + 106. Let s = l + w. What are the prime factors of s?
7, 19
Let t(f) = f**3 + 49*f**2 - 150*f + 453. List the prime factors of t(-51).
3, 967
Suppose 0 = -5*u - 5*g + 28435, 4*u - 4*g - 268 = 22488. What are the prime factors of u?
2, 3, 79
Suppose -4 - 104 = -g. Suppose -g*v - 1524 = -114*v. What are the prime factors of v?
2, 127
Let l = 624 - 947. Let s = -164 - l. Suppose 0 = -6*b + 213 + s. What are the prime factors of b?
2, 31
Suppose 2*i + 3*p = -3, 3*p - 7*p - 24 = -4*i. Suppose 2*v = -j - i*v + 789, 2*v - 3899 = -5*j. List the prime factors of j.
19, 41
Let r = 52 + -23. Let l be r - (-5)/(20/(-8)). Let w = l - 12. What are the prime factors of w?
3, 5
List the prime factors of (-3 + (-4200)/(-16))*(-544)/(-12).
2, 17, 173
Let m = -123 - -131. What are the prime factors of -4 + m - (8/2 + -819)?
3, 7, 13
Suppose 7*y - 159121 + 21445 = -4*y. List the prime factors of y.
2, 3, 7, 149
Suppose -2*t - 344 = -6*t + 4*i, 106 = t + 4*i. Let k = -141 + t. Let c = k + 97. List the prime factors of c.
2, 23
Suppose 109 + 101 = n + 2*s, -425 = -2*n - 5*s. Let l = n + 148. List the prime factors of l.
2, 3, 29
Suppose 49571 = 16*s - 371581. List the prime factors of s.
2, 3, 41, 107
Suppose 5*v = -3*y, -2*v + 6*v = 4*y. Suppose -1 = l + j, v*l + 5 = -4*l - 5*j. Suppose l = 12*g - 17*g + 75. What are the prime factors of g?
3, 5
Let x = -3427 - -30015. What are the prime factors of x?
2, 17, 23
Suppose -457666 = -11*v - 122188. What are the prime factors of v?
2, 3, 13, 17, 23
Let s = 19963 + -11001. What are the prime factors of s?
2, 4481
Let x(r) = 3*r - 21*r**2 - 4 - 29*r**2 + 51*r**2. Let q be x(-4). Suppose -s + 40 + 41 = q. What are the prime factors of s?
3
Let n = -1800 + 2704. Suppose 0 = -5*g - i + 896, -4*g + n = g - i. Suppose -8*u + 1660 - g = 0. What are the prime factors of u?
5, 37
Suppose 0 = -27*t + 32*t - 65. Suppose 5*q - t*q = -304. What are the prime factors of q?
2, 19
Let m = 12 + -9. Suppose 0 = 8*p - 3*p - 2*k - 4714, k + 941 = p. List the prime factors of (m/2)/(12/p).
2, 59
Let r(z) = 353*z**2 + 2*z - 249*z**2 + 2*z. What are the prime factors of r(-1)?
2, 5
Let s(y) = y**2 + 17*y - 27. Let n(f) = 2*f**2 + 33*f - 55. Let t(k) = 3*n(k) - 5*s(k). List the prime factors of t(-25).
5, 7
Let g(m) = 738*m + 21. Let t be g(5). Suppose -17*v = -8070 - t. What are the prime factors of v?
3, 7, 11
Suppose -2*q = 4*d - 38, -3*q - d = -0*d - 42. What are the prime factors of 1155 + (17 + -8 - q)?
1151
Suppose -4*i - 3*h + 247 = 0, i - 2*h = -0*h + 70. Suppose -i*j = -69*j + 4050. Suppose -j = -31*b + 26*b. List the prime factors of b.
2, 3
Suppose 3*i - y - 2*y - 1533 = 0, i + 5*y - 523 = 0. Suppose 2*p - i = 2073. What are the prime factors of p?
3, 431
Let g(d) = -d**2 + 12*d - 3. Let c(o) = -5*o**2 + 60*o - 15. Let f(r) = 2*c(r) - 11*g(r). Suppose -5*n - 1917 = -1977. What are the prime factors of f(n)?
3
Suppose 0 = f - 5*x - 235, 2*f - 3*f - x = -217. Suppose -3*q = -q + f. Let a = -41 - q. What are the prime factors of a?
3, 23
Let k be 114/22 + (-6)/33. Suppose -3*i - 3*h + 142 = -239, 0 = k*h - 15. Let x = i + -71. What are the prime factors of x?
53
Suppose 5698 + 594 = 11*y. Suppose -6*a + 1012 = -y. List the prime factors of a.
2, 3, 11
Suppose 4 = u - 0, 2*u = -3*l - 10. Let h(g) = 33*g**2 - g + 40. What are the prime factors of h(l)?
2, 617
Let r(k) = -65*k**2 - 6*k - 21. Let y(w) = -16*w**2 - 2*w - 5. Let f(d) = 2*r(d) - 9*y(d). List the prime factors of f(-4).
7, 29
Suppose -3382707 = -554*t + 3453653. List the prime factors of t.
2, 5, 617
Suppose -s + 7 + 16 = 0. Suppose 0 = -5*x + 4*j + 2178, 4*x + s*j - 1732 = 21*j. List the prime factors of x.
2, 7, 31
Let v(o) = -47*o - 17. Let i(z) = z**2 - 7*z + 20. Let r be i(5). Suppose r*x - 9*x = -6. List the prime factors of v(x).
5, 53
Suppose 0 = -j - 24 + 36. Suppose -j*c = -24*c + 14736. What are the prime factors of c?
2, 307
Suppose 2*p + 129 = -41. Let c = p + 90. Suppose -4*f + 0*d + 528 = 2*d, c*d = 4*f - 514. What are the prime factors of f?
131
Let r = -92 + -102. Let q = r + 647. What are the prime factors of q?
3, 151
Suppose -o + 18789 = 3*z, -o + 56395 = 2*o - 5*z. List the prime factors of o.
3, 5, 7, 179
Suppose -4*n = 5*d - 152, -5*d - 23 = -3*n + 91. Let w be 1*(1 - 2)*32. Let v = w + n. What are the prime factors of v?
2, 3
Suppose -16951 = -x - 18*q + 21*q, -15*x + 5*q = -254585. What are the prime factors of x?
5, 7, 97
Suppose -14*t + 9*t = -2*k + 5936, -5*k + 14882 = -2*t. What are the prime factors of k?
2, 1489
Suppose 11*h = 9855 + 2267. Let s = h - 655. List the prime factors of s.
3, 149
Suppose -4*g + 5*g = 5. Let r be (2/3)/(47/282). Suppose -2*s - r*h = -290, g*h - 9*h + 576 = 4*s. What are the prime factors of s?
11, 13
Suppose 0 = 5*n - 3*z - 138780, 111061 = -1242*n + 1246*n + 5*z. What are the prime factors of n?
3, 19, 487
Suppose 2*g + 8 = 0, -j + 8*g - 4*g = -68041. What are the prime factors of j?
3, 5, 907
Suppose -112*n + 844074 = -25*n. What are the prime factors of n?
2, 3, 7, 11
Let g = -223 - -238. What are the prime factors of 6*(-10)/g + 724 + -5?
5, 11, 13
Let g be 4274 - 4/8*20/2. Suppose 14*i - 267 = g. What are the prime factors of i?
2, 3
List the prime factors of (-4 - -31)/(249/248 - 1).
2, 3, 31
Suppose f = 5*w + 109, -3*f + 5*w - 29 + 386 = 0. Let r = f + -118. Suppose -r*b + 2*b + 20 = 0. List the prime factors of b.
5
Let y = -28 - -33. Suppose -5*d = -k, y*d = 5*k - 0*d - 20. Suppose 2*n = n + k*u - 4, 3*u = 2*n - 13. What are the prime factors of n?
11
Suppose -q = 5*j - 34000, -2*q - 3*q = j - 6776. List the prime factors of j.
3, 2267
Let n = 34867 + -5563. What are the prime factors of n?
2, 3, 11, 37
Let k(c) = -c**3 + 10*c**2 + 4*c - 34. Let a be k(10). List the prime factors of (-3166)/(-10) - (a + (-54)/10).
2, 79
Suppose -18 = -4*a - 5*a. Let v(b) = 100*b - 27. What are the prime factors of v(a)?
173
Suppose -4 - 3 = i - 4*x, 0 = -5*i + 5*x + 10. Suppose 2*p = 5*z - 37, -i = -p - 5*z - 1. Let k(v) = v**3 + 15*v**2 + 27*v + 11. List the prime factors of k(p).
2, 3, 11
List the prime factors of 3 + 8314 - (59 - 53).
8311
Let d(q) = 7*q - 34. Suppose 0 = 4*o - 12, -3*m - 5*o + 45 = -2*o. Let a be d(m). Suppose 2*y - a = 340. What are the prime factors of y?
3, 5, 13
Let q(k) be the first derivative of -8*k**3/3 + 2*k**2 - 28. Let y(x) = -9*x**2 + 4*x - 1. Let p(g) = -6*q(g) + 5*y(g). What are the prime factors of p(-2)?
3, 5
Let q(d) = 35*d**2 + 56*d - 94. List the prime factors of q(24).
2, 5, 2141
Suppose 5*b - 52 = -37. List the prime factors of ((-488)/(-1))/1 + b + -3.
2, 61
What are the prime factors of (-7 - (-99715)/15)/(2 - 10/6)?
2, 7, 1423
Let m(i) be the third derivative of -25*i**4/24 + 3*i**3/2 - i**2. Let c = 1040 + -1043. What are the prime factors of m(c)?
2, 3, 7
Let o(b) be the third derivative of b**5/60 - b**4/2 - 37*b**3/6 - b**2. Let n be (87/(-45) - -2) + 4480/300. List the prime factors of o(n).
2
Let u(b) = 1723*b - 4113. What are the prime factors of u(22)?
47, 719
Let h(u) be the third derivative of 3*u**4/2 - 38*u**3/3 - 45*u**2. What are the prime factors of h(8)?
2, 53
Let k(n) be the second derivative of n**4/12 + n**3 + n**2/2 - 16*n. Let g be k(-6). List the prime factors of 35*((-3)/(-5))/g.
3, 7
Let a = 2667 + -4432. Let s = a + 2666. What are the prime factors of s?
17, 53
What are the prime factors of 32812380/(-1224)*(0 - (-4)/(-5))?
2, 10723
Suppose 0*c - 5*c = -55. Let s(f) = 4 - c + 2 - f. What are the prime factors of s(-13)?
2
Suppose 421*o - 415*o = 138. Let v(u) = -u**2 + 18*u + 26. Let a(g) = -g**2 + 18*g + 26. Let c(s) = 2*a(s) - 3*v(s). What are the prime factors of c(o)?
89
Let l(x) = 17*x - 19. Let c be l(13). Let d = c - 151. List the prime factors of d.
3, 17
Let r(y) = -y**3 - 6*y**2 - 8*y - 7. Let f be r(-5). Suppose -7*v + f*v + 14 = 0. Let j(n) = n**3 + 15*n**2 - 2*n + 13. What are the prime factors of j(v)?
3, 79
Let t = -66 - -68. Suppose -t*w - 3210 = -5*w. Suppose 3*f = -f, -4*f + w = 5*g. List the prime factors of g.
2, 107
Let c(h) = 88*h - 3. Let g be c(1). Let b = -75 + g. List the prime factors of 197